(-2 + -1))?
-4
What is (65 - 71) + 3 + 1?
-2
Evaluate (-10 - (-3 + 0) - 0) + 2.
-5
Calculate -2 - -8 - (-6 - -15).
-3
What is -1 + 2 + (2 - 4)?
-1
Calculate -5 + (-1 - -11 - 10).
-5
0 + (-3 - (-3 - -2) - -1)
-1
-2 + 2 - (26 - 25) - 1
-2
What is 2 + -1 + -1 - (-20 - -20)?
0
What is the value of (-13 - (-12 + 2)) + (-3 - 0)?
-6
-2 - (14 + -16 + 1 + -2)
1
What is -4 + (11 - (1 + 4))?
2
-2 + (1 - (3 - 3)) + 1
0
What is 6 - (18 - (5 + 2))?
-5
What is -8 - ((-7 - -14) + (-3 - 4))?
-8
2 - 5 - (-4 - 0)
1
Calculate (4 + -1 - (-6 - -5)) + 0.
4
-1 - -1 - 5 - (-34 + 32)
-3
Evaluate 1 + (-10 - -5) + -4.
-8
What is -6 - (6 - (-1 + 6 + 0))?
-7
What is the value of -1 + 12 + -14 + 0?
-3
What is -3 + 7 + -3 + 4 + -2?
3
What is the value of (2 - -2) + -1 - (14 + -11)?
0
What is the value of 0 - ((-7 - (-5 + -1)) + -8)?
9
What is the value of -2 - -6 - (5 - 1)?
0
Calculate 4 + (-4 - (1 - 5)).
4
Calculate (-4 - -5) + (-13 - -4) + 4.
-4
What is the value of -2 + 0 - (36 - 38)?
0
Evaluate (-3 - -11) + (-5 - (-19 - -13)).
9
Calculate (-2 - -14) + -6 - 6.
0
Calculate (-9 - -12) + (5 - 14) + 5.
-1
Evaluate (2 - (-4 - -8) - -5) + -4.
-1
Calculate -2 + (0 - (-7 - -3)) - 2.
0
What is -3 - ((-1 - 6) + 5)?
-1
What is (-5 - (8 + -14)) + -1?
0
Evaluate 0 - 2 - (5 + -3) - -1.
-3
Evaluate -4 + 5 + 1 + 3.
5
1 - -7 - (7 + -5 - -4)
2
What is 3 + -4 + (4 - -1) + 0?
4
Calculate -1 + -3 - (-32 + (-10 - -33)).
5
What is the value of 12 + -15 + (1 + -2 - -3)?
-1
Evaluate -4 - -5 - 2 - -3.
2
Calculate -2 + 5 + 4 + -3.
4
(0 + 2 - 8) + 8
2
What is the value of 10 + 2 + -8 + (-2 - 0)?
2
What is (135 - 148) + 11 + -1?
-3
Calculate -5 - ((-2 - -4) + -2).
-5
Evaluate (-1 - -5) + (-4 - (-1 - 4)).
5
What is (4 - 2) + -3 + 1 + 3?
3
12 - -7 - (1 - -7)
11
Calculate (1 - (2 + -3)) + 0.
2
(121 - 116) + 1 + 2
8
Evaluate 1 + 3 + -5 + 6.
5
What is -2 + 3 - (1 + 1 + -3)?
2
Calculate -2 + 7 + (-2 - -2).
5
-4 + 9 - 6 - (1 + -7)
5
Evaluate 4 + (3 - 0) - 3.
4
What is the value of -2 + -1 + 1 + (16 - 8)?
6
What is 1 + 0 - (11 + -13)?
3
What is the value of 1 - ((3 - -1) + 2 - 3)?
-2
Calculate 2 + 2 + -1 + -1 + -1.
1
What is -8 - (-20 + -10 + 19)?
3
-15 + 10 + -8 + 6
-7
Evaluate -2 + (14 - 1) + -6.
5
1 - 4 - (30 + -33) - 8
-8
-9 + -5 + 25 + -11
0
(4 - 9) + -1 + -3 + 2
-7
(5 - (-3 - -10)) + 0 + -4
-6
What is (5 - 3) + 5 - 3?
4
-6 + (0 - (3 + -7))
-2
Evaluate -5 + -3 + 0 - -5.
-3
What is -7 + (8 - 3) + 6 + -2?
2
Calculate 3 - (-7 - -10 - (2 - 0)).
2
Calculate (-15 - -15) + (0 - 8) + 4.
-4
-11 - -12 - (-2 + 2)
1
What is 11 - 5 - (10 - 4)?
0
-10 + 4 + 4 + 1
-1
Evaluate (-14 + 6 - -7) + 1.
0
What is -5 - (4 + (4 - 2) + -5)?
-6
Calculate 4 + -5 + 3 + 1.
3
What is the value of (12 - (5 - 0)) + -4?
3
-24 + 20 + (10 - 3)
3
0 - 0 - (-3 + -5 + 6)
2
What is 2 - (2 - -4 - 3) - -8?
7
Calculate (66 - 74) + 4 + 1 - -12.
9
-7 + 1 + (1 + 0 - 0)
-5
Calculate -5 - (-1 - 7) - -2.
5
Evaluate 1 - 0 - (4 - 10 - -2).
5
What is the value of 2 + (0 - (-4 - (-1 + -1)))?
4
-1 - ((-7 - -6) + 0)
0
Evaluate -1 + -3 - ((-2 - 7) + 0).
5
Evaluate 116 + -104 - (2 - -2).
8
What is (2 - 0) + (-13 - -6)?
-5
4 - (1 + 2) - (-12 - -4)
9
Calculate (2 - 0) + -5 - (0 - 7).
4
What is 6 + (0 - (-1 + 5))?
2
What is the value of (2 - (-2 + 4)) + -4 - 0?
-4
What is 2 + (-26 - -11) + 23?
10
Calculate 0 + 6 + 7 + -6 + 1.
8
(1 - (3 - -2)) + 3
-1
What is (-11 - (-2 - 12)) + 5?
8
Evaluate 8 + -3 + -6 + 6 + -1.
4
What is the value of 2 - (8 - (4 + 8))?
6
1 + -4 - (-2 - (1 + 0))
0
What is (3 - (4 + -3)) + -5 - -6?
3
Calculate 9 + -9 - (4 + -2 - 0).
-2
Calculate 0 + 1 - (-264 - -262).
3
0 - ((5 - 3) + 1 + -1)
-2
-1 + (-1 - 5) - -5
-2
Evaluate 9 - (6 - (-6 + 2 - -5)).
4
What is the value of (-6 - (0 - 2)) + 2?
-2
What is the value of 8 - (-4 + -1 + -32 + 37)?
8
What is the value of -10 - (5 + -12) - -9?
6
What is the value of -1 - (-3 + -7) - 4?
5
Evaluate 4 - (9 + -5 - 3).
3
Calculate 2 + (9 - (6 + -1)) + 0.
6
What is the value of -5 - (-5 - -3 - (-4 - -5))?
-2
Calculate (1 - -4) + -3 + 0.
2
What is -25 + 29 + 1 + -9 + 0?
-4
What is 2 - -4 - (-5 + 11)?
0
Evaluate -3 - 5 - (7 - 20).
5
What is the value of -4 - 0 - -10 - 1?
5
What is -6 + (-5 - -10) + 0?
-1
7 + (-9 - 2) + 2
-2
(-1 - 2) + 3 - (0 - 1)
1
-5 + 9 - -1 - 12
-7
What is -2 + -4 + 1 + 1?
-4
What is the value of 4 - (0 - -3 - 0)?
1
7 - (5 + (6 - (-2 - -7)))
1
What is the value of (-2 - 2) + (-10 - -13)?
-1
What is (2 - -5) + (-1 - (10 + -5))?
1
What is the value of 5 + (-3 - -3) + 1?
6
What is the value of -7 + -1 + 4 - (-1 + -1)?
-2
Evaluate 10 - (9 - (0 + 3)).
4
Calculate 7 + 1 - (31 - 24).
1
5 + (-7 - (4 + -5))
-1
1 - ((3 - 2) + -3)
3
What is 3 + (-1 - (-3 - -3)) - 5?
-3
What is the value of -1 - -1 - (-2 - -7)?
-5
Calculate 13 + (-12 - -8 - 3).
6
What is the value of 3 + -1 + 2 + 8 + -10?
2
What is the value of (7 + 0 - 2) + -2 + 2?
5
Evaluate -5 + (-34 - -46 - (3 - 0)).
4
(-3 - (-2 + -1)) + -2
-2
Calculate 21 - 23 - (-8 - 0).
6
What is the value of (6 + 1 - 5) + (-1 - 2)?
-1
-4 - (-16 - -12 - (-1 + -4))
-5
Evaluate 11 + (13 - (-10 - -39)).
-5
What is (-1 - -7) + (2 + -10 - -6)?
4
Evaluate 2 - -2 - (9 - 3).
-2
Calculate -5 + 3 + -4 + (0 - -1).
-5
0 + 0 + 7 + -4 + 1
4
-8 - (-3 - 1) - 0
-4
5 - -3 - 3 - 5
0
(-6 + 10 - -2) + -3
3
Calculate (5 - (4 - 4)) + 6.
11
What is the value of (0 - 1) + 7 + -5?
1
Calculate 12 + -3 + (-11 - 1).
-3
What is the value of 3 + -1 - (-25 + 32)?
-5
Calculate -20 + 22 - (6 - (-1 + 0)).
-5
Calculate 11 - (8 + 3) - -7.
7
3 - ((3 - (-7 - -9)) + 5)
-3
What is the value of (1 + 1 - 0) + (43 - 44)?
1
-4 + (0 - 0) + 1
-3
Evaluate 116 + -119 - (-1 + 1 - 0).
-3
Calculate -2 - (-1 - (3 - 7)).
-5
Evaluate (4 - 3 - -7) + -14.
-6
What is -2 + 7 + -4 - (-1 - -1)?
1
What is the value of -6 + 6 + 9 + 0 - 1?
8
4 - (9 + (-15 - -9))
1
Evaluate 1 - (4 + -10 + 7).
0
-3 + 4 + -9 + 1 - -11
4
Evaluate (0 - -6) + (1 - (0 + 2)).
5
What is (2 - 6) + -8 + (-1 - -7)?
-6
What is 9 + -3 - (6 + -5)?
5
Evaluate (-2 - (-2 + -2)) + 0.
2
Evaluate 7 - (-7 - (2 + -10)).
6
What is the value of 8 - 3 - (2 - -2)?
1
What is 0 + (0 + 5 - 9 - -7)?
3
Evaluate (5 - 4) + -4 + (8 - 1).
4
Evaluate (-10 - (-16 - -9)) + 9.
6
Calculate (4 + -1 - 2) + (-3 - 2).
-4
Evaluate (-4 - -1) + -10 + 8 + 0.
-5
What is the value of (1 - 1 - (2 + -5)) + -7?
-4
Evaluate (2 - (-2 - -4)) + 1.
1
Evaluate (-1 - (8 + -6 + -2)) + -7.
-8
(-2 - 1) + -3 + 8 - 0
2
Evaluate (1 - -1) + 1 + -7.
-4
What is the value of -4 + 1 + -2 + (-5 - -5)?
-5
Calculate 13 + -1 + 3 + -9.
6
What is 3 + -5 + (5 - 1)?
2
What is -2 - 5 - (-10 + 10 - 0)?
-7
Evaluate 0 + 2 + -13 + 11.
0
What is -7 + 3 + -1 - -5?
0
What is the value of 8 - (5 + -7) - 6?
4
What is -4 - ((2 - -1) + -9)?
2
What is -1 + 1 + 2 - 2 - 3?
-3
Evaluate 1 + (-9 - (1 - 5)).
-4
What is -10 + (-5 - -8) + 10?
3
Calculate (0 - -2 - 5 - -10) + -3.
4
Evaluate -8 - (9 + -13 + -6).
2
-7 + (-5 - -10) - -2
0
What is 3 + -1 - 1 - -5 - 3?
3
2 + 1 - (-9 + 14 + 0)
-2
5 + 3 + -12 + 1
-3
Evaluate (0 - 0) + -3 - -5 - -2.
4
7 + (-10 - -5) + 0 + -4
-2
What is -4 + 3 + -1 + 2 + 3?
3
What is (-15 + -3 - -19) + (-5 - 1)?
-5
What is the value of 8 + (1 - (4 + -1))?
6
Calculate -1 + 1 + 3 - (41 + -44).
6
Calculate 0 - (-7 - (-7 - -4)).
4
3 + -2 + (-5 - -6 - 1)
1
What is the value of 16 + -15 - (-1 + -4)?
6
What is -1 + -1 + 0 + (-2 - -2)?
-2
Evaluate 0 + -2 + (4 - (3 + 0)).
-1
(-9 - -5) + 5 + (-4 - 1)
-4
Calculate -541 + 541 + -1 + 2 + 0.
1
Calculate (-25 - -15) + (6 - -2).
-2
Calculate -1 + (-8 - (7 - 22 - -7)).
-1
Calculate 4 + 0 + -3 + 2.
3
What is -1 - (2 + 1 + (1 - 0))?
-5
6 + 6 + -1 + -13
-2
1 + -5 - -1 - 2
-5
2 + 0 - -5 - 2
5
Calculate 5 + 0 + -7 + -2.
-4
Calculate -4 + (5 - 2) - -3.
2
Evaluate -20 + (-8 - -21) + -1.
-8
What is -5 - (4 + (-12 - -4))?
-1
Evaluate -2 - -5 - (1 + 3).
-1
Calculate (3 - (-4 + -5)) + 24 + -26.
10
Calculate (-1 - (-3 - 5) - 6) + -5.
-4
Evaluate 0 - -4 - (28 - 17).
-7
(6 - 11) + (-8 - -19)
6
-7 + -5 + 9 - 6
-9
4 - (6 - (-4 + 8))
2
-4 + 8 + 1 + -2 + 2
5
Calculate 6 - -5 - 22 - -17.
6
Evaluate 2 + -2 + -10 + 13.
3
What is -5 + 0 + 5 + -4?
-4
What is -2 + 7 - 2 - (23 + -25)?
5
What is the value of 6 + -4 + 3 - 1?
4
Calculate (-3 - (-2 + 1)) + -3 - -1.
-4
16 - 18 - (-2 + 4) - -9
5
What is the value of -3 + (5 - (-4 + 1))?
5
Calculate -3 - -1 - (-4 + -5 + 3).
4
What is 3 + 1 + -1 + 2?
5
Evaluate 17 